10011101 - -100101110000011?
100100111100110
In base 13, what is 3 + 3ba91401?
3ba91404
In base 10, what is 4 + -23634972?
-23634968
In base 10, what is 2 - -24392129?
24392131
In base 3, what is -1021002121101001 - 12?
-1021002121101020
In base 10, what is 32096 - 72?
32024
In base 8, what is 112702 + -13016?
77664
In base 11, what is -19695 - 88?
-19772
In base 16, what is -78f5 - b7?
-79ac
In base 15, what is 4d28 + -84e?
44c9
In base 15, what is -d017 + -a24?
-da3b
In base 3, what is 12220002111 - 101200?
12212200211
In base 4, what is 301003011 + -3020?
300333331
In base 11, what is 7 + -30984a27?
-30984a20
In base 3, what is -1000221 - 10001101?
-11002022
In base 14, what is -79 + a0b3?
a038
In base 14, what is -9 + 28411?
28406
In base 14, what is b + -229286a?
-229285d
In base 4, what is -302201 + 103?
-302032
In base 13, what is 15b - 4b18?
-498a
In base 3, what is 20220120220120 + -200?
20220120212220
In base 3, what is -1 + 20202102120110210?
20202102120110202
In base 5, what is 3212241 - -102?
3212343
In base 15, what is 45e010 - 5?
45e00a
In base 3, what is -212110 - 201101002?
-202020112
In base 4, what is 302221021130 + 0?
302221021130
In base 8, what is 3 - 10564646?
-10564643
In base 3, what is -20220002 - 20002011?
-110222020
In base 3, what is -110 + -1122202200202211?
-1122202200210021
In base 9, what is 0 - -22782210?
22782210
In base 4, what is 33333 - 13123212?
-13023213
In base 5, what is -3330004 - 130?
-3330134
In base 9, what is -2 - -26467368?
26467366
In base 10, what is -5 - 56850?
-56855
In base 15, what is -15c + 67bb?
665e
In base 13, what is 217 + 2cc1?
3208
In base 13, what is 0 - -26993190?
26993190
In base 2, what is -11100111001001111001111001 - -11?
-11100111001001111001110110
In base 8, what is -117435725 + -4?
-117435731
In base 5, what is -3223244 + 3014?
-3220230
In base 9, what is 3 - 35808818?
-35808815
In base 4, what is -2321313 + 1302332?
-1012321
In base 4, what is -1023 + 31220132?
31213103
In base 12, what is 1607a + ab37?
24bb5
In base 8, what is 1030 + -36327?
-35277
In base 13, what is c027b34 + 0?
c027b34
In base 5, what is -422040442 - 21?
-422041013
In base 7, what is -462 + 1104361?
1103566
In base 13, what is -292c - -2a60?
131
In base 11, what is -a92 - 13128?
-1410a
In base 2, what is 10000 + 110001110011001001011010?
110001110011001001101010
In base 13, what is -33815785 + 3?
-33815782
In base 10, what is 15653325 + 18?
15653343
In base 16, what is -ed3 - a2e?
-1901
In base 5, what is -24124 + -11304?
-40433
In base 5, what is 4 - 10314344344?
-10314344340
In base 13, what is -1619b - -9c3?
-154a8
In base 13, what is -2183 - -62b?
-1855
In base 11, what is 3 + -423848?
-423845
In base 2, what is -11001110010 + 111100111100010001?
111100100010011111
In base 11, what is -10 + 3913a23?
3913a13
In base 2, what is 100010010101110101001 - 1001?
100010010101110100000
In base 7, what is 1223 + 105265?
106521
In base 14, what is -2 + -1214153?
-1214155
In base 8, what is 236240475 + 1?
236240476
In base 2, what is -10 + 10011111011010110011101?
10011111011010110011011
In base 4, what is -21021020 - 10213?
-21031233
In base 6, what is -4 - 143432040?
-143432044
In base 7, what is 4511512 + 141?
4511653
In base 4, what is -310131 - -30101200?
23131003
In base 2, what is 11100 + 1010000011100011000010110?
1010000011100011000110010
In base 11, what is 4 - 5442a64a?
-5442a646
In base 10, what is -7297 - 2347?
-9644
In base 10, what is 3907 - 327?
3580
In base 6, what is -20 - -21005545?
21005525
In base 14, what is 19 - -119512?
11952b
In base 16, what is -114c - -b01?
-64b
In base 5, what is 243332 - -1021?
244403
In base 8, what is 150 - -4300412?
4300562
In base 11, what is 640 + 3968?
44a8
In base 14, what is -4 - -1c28?
1c24
In base 5, what is -12 - 114333040240?
-114333040302
In base 6, what is 10443450025 - 10?
10443450015
In base 8, what is -13733523 - 6?
-13733531
In base 7, what is 1232 + -553623?
-552361
In base 6, what is 205555133 - -232?
205555405
In base 7, what is 1 - -132433342?
132433343
In base 9, what is 66516 - 85?
66421
In base 11, what is -a + -39a09199?
-39a091a8
In base 3, what is -1222001022201202 + 21?
-1222001022201111
In base 4, what is -111221031210 + 1?
-111221031203
In base 4, what is -222 + -30102222?
-30103110
In base 3, what is 10 + 211102220212112200?
211102220212112210
In base 3, what is 102 - -11011120210010?
11011120210112
In base 13, what is c - -216908?
216917
In base 16, what is -79d - 599?
-d36
In base 12, what is -2 - -6414415?
6414413
In base 3, what is -1000011110111220100 + 10?
-1000011110111220020
In base 8, what is -14 - -124313640?
124313624
In base 11, what is -47 - -705a9?
70562
In base 5, what is -43333233 + 100120?
-43233113
In base 8, what is 107 - -1115060?
1115167
In base 2, what is 111100101000 - 101101000000?
1111101000
In base 10, what is -187327 + 263?
-187064
In base 14, what is -33 - -2404?
23b1
In base 4, what is 2333 - -120231212?
120300211
In base 7, what is 620424060 + 64?
620424154
In base 9, what is -4601 + 2755?
-1735
In base 16, what is -81e + 86d0?
7eb2
In base 3, what is -1 - -101110002102111?
101110002102110
In base 14, what is 176 + -314cb?
-31355
In base 9, what is -44470136 + -1?
-44470137
In base 9, what is -122466210 + -4?
-122466214
In base 15, what is -2 + -609002?
-609004
In base 7, what is 4102 - 52051?
-44646
In base 9, what is 740 + 461762?
462612
In base 7, what is -21330563412 + 2?
-21330563410
In base 11, what is 61a25 + 9?
61a33
In base 10, what is -3 - -18508852?
18508849
In base 7, what is 4 + -165050464?
-165050460
In base 16, what is -20852d - a?
-208537
In base 12, what is -5 + 143451?
143448
In base 12, what is 5 + 71a4b9?
71a502
In base 12, what is -3472802 + -5?
-3472807
In base 16, what is -567bb - -62?
-56759
In base 11, what is 129596826 - 2?
129596824
In base 5, what is 11 - -2021100044?
2021100110
In base 8, what is 75236 + -577?
74437
In base 5, what is 24 - -312333304?
312333333
In base 16, what is 303 - -14c63?
14f66
In base 11, what is 42372a3 + -2?
42372a1
In base 16, what is 467 + 1388?
17ef
In base 6, what is 15244 + 13421?
33105
In base 12, what is a33 - 864b7?
-85684
In base 3, what is 12121021222111 + 2?
12121021222120
In base 10, what is -67252 - -9?
-67243
In base 5, what is -3 + -1110321000?
-1110321003
In base 8, what is 45477557 - -5?
45477564
In base 7, what is 3530160 - -4?
3530164
In base 2, what is 101111011111100010 - -10001010?
101111100001101100
In base 2, what is -111000010000000001101000 + 10011?
-111000010000000001010101
In base 7, what is -24632013 - 13?
-24632026
In base 10, what is 16 + -17559?
-17543
In base 6, what is -14 - 1400105541?
-1400105555
In base 3, what is -122102 - -220220112?
220021010
In base 6, what is -340 + -1053531?
-1054311
In base 13, what is 1c3 - 1295?
-10a2
In base 14, what is -d10d - -8?
-d105
In base 10, what is 2203865 + 0?
2203865
In base 11, what is 5 - -1a58a90?
1a58a95
In base 5, what is -1 - 231410423?
-231410424
In base 8, what is -11662501 - 31?
-11662532
In base 8, what is 1252 + -1631305?
-1630033
In base 11, what is -7 - -23640a?
236403
In base 9, what is -171 - 5665171?
-5665352
In base 15, what is 141bb70 - -a?
141bb7a
In base 4, what is 200 - -1123232003210?
1123232010010
In base 7, what is 1121 + -1134105?
-1132654
In base 14, what is 10c0a9 + -619?
10b890
In base 9, what is 4 - 116713051?
-116713046
In base 11, what is -835439 - a?
-835448
In base 13, what is 1791b119 - 1?
1791b118
In base 12, what is 8 - 165048?
-165040
In base 2, what is 11011 + 1010101000101011100100?
1010101000101011111111
In base 16, what is 9 - 1df78b?
-1df782
In base 15, what is 2e - -1d07b0?
1d07de
In base 15, what is 48 + -38b58?
-38b10
In base 13, what is 406c6 + -a0?
40626
In base 2, what is 1000110010001110 - 10011110010?
1000011110011100
In base 4, what is 12020230311 + -3?
12020230302
In base 15, what is c4787a4 - 2?
c4787a2
In base 2, what is 100 - 101101010011110100110100?
-101101010011110100110000
In base 13, what is 7c606 - 79?
7c55a
In base 14, what is 32d4b544 + 4?
32d4b548
In base 12, what is -1842a785 - 5?
-1842a78a
In base 2, what is -111000 + -1101111110111?
-1110000101111
In base 5, what is 11142 + 210033103?
210044300
In base 4, w